{"id":18,"date":"2025-04-08T19:37:58","date_gmt":"2025-04-08T19:37:58","guid":{"rendered":"https:\/\/cisph.uniroma3.it\/?page_id=18"},"modified":"2026-03-16T13:37:35","modified_gmt":"2026-03-16T13:37:35","slug":"chi-siamo","status":"publish","type":"page","link":"https:\/\/cisph.uniroma3.it\/?page_id=18","title":{"rendered":"Organigramma"},"content":{"rendered":"\n<p><\/p>\n\n\n\n<p><strong><em>DIRETTORE<\/em><\/strong>: Paolo Carusi (Universit\u00e0 degli Studi Roma Tre)<\/p>\n\n\n\n<div style=\"height:20px\" aria-hidden=\"true\" class=\"wp-block-spacer\"><\/div>\n\n\n\n<p><strong><em>PRESIDENTE<\/em><\/strong>: Sabina Pavone (Universit\u00e0 di Napoli L\u2019Orientale)<\/p>\n\n\n\n<div style=\"height:20px\" aria-hidden=\"true\" class=\"wp-block-spacer\"><\/div>\n\n\n\n<p><strong><em>COMITATO DIRETTIVO<\/em><\/strong>: Lorenzo Bertucelli (Universit\u00e0 di Modena e Reggio Emilia), Raffaella Biscioni (Universit\u00e0 di Bologna), Paolo Carusi (Universit\u00e0 degli Studi Roma Tre), Thomas Cauvin (University of Luxembourg), Cinzia Cremonini (Universit\u00e0 Cattolica del Sacro Cuore), Stefano Dall\u2019Aglio (Universit\u00e0 Ca&#8217; Foscari di Venezia), Rosamaria Delli Quadri (Universit\u00e0 degli Studi di Firenze), Pierluigi Feliciati (Universit\u00e0 di Macerata), Vittoria Fiorelli (Universit\u00e0 Suor Orsola Benincasa), Pietro Graglia (Universit\u00e0 degli Studi di Milano Statale), Silvia Maria Mantini (Universit\u00e0 degli Studi dell&#8217;Aquila), Manfredi Merluzzi (Universit\u00e0 degli Studi Roma Tre), Franco Motta (Universit\u00e0 di Torino), Sabina Pavone (Universit\u00e0 di Napoli L\u2019Orientale), Marcello Ravveduto (Universit\u00e0 di Salerno), Giampaolo Salice (Universit\u00e0 degli Studi di Cagliari), Enrica Salvatori (Universit\u00e0 di Pisa), Daniele Santarelli (Universit\u00e0 della Campania Luigi Vanvitelli), Aurora Savelli (Universit\u00e0 di Napoli L\u2019Orientale), Lina Scalisi (Universit\u00e0 di Catania).<\/p>\n\n\n\n<div style=\"height:20px\" aria-hidden=\"true\" class=\"wp-block-spacer\"><\/div>\n\n\n\n<p><strong><em>SEGRETERIA<\/em><\/strong>: Annalisa De Chicchis, Deborah Natale, Rafael Triolo<\/p>\n\n\n\n<p><\/p>\n","protected":false},"excerpt":{"rendered":"<p>DIRETTORE: Paolo Carusi (Universit\u00e0 degli Studi Roma Tre) PRESIDENTE: Sabina Pavone (Universit\u00e0 di Napoli L\u2019Orientale) COMITATO DIRETTIVO: Lorenzo Bertucelli (Universit\u00e0 di Modena e Reggio Emilia), Raffaella Biscioni (Universit\u00e0 di Bologna), Paolo Carusi (Universit\u00e0 degli Studi Roma Tre), Thomas Cauvin (University of Luxembourg), Cinzia Cremonini (Universit\u00e0 Cattolica del Sacro Cuore), Stefano Dall\u2019Aglio (Universit\u00e0 Ca&#8217; Foscari di [&hellip;]<\/p>\n","protected":false},"author":1,"featured_media":0,"parent":0,"menu_order":0,"comment_status":"closed","ping_status":"closed","template":"","meta":{"footnotes":""},"class_list":["post-18","page","type-page","status-publish","hentry"],"yoast_head":"<!-- This site is optimized with the Yoast SEO plugin v27.5 - https:\/\/yoast.com\/product\/yoast-seo-wordpress\/ -->\n<title>Organigramma - CISPH | Centro Interuniversitario per la Ricerca e lo Sviluppo della Public History<\/title>\n<meta name=\"robots\" content=\"index, follow, max-snippet:-1, max-image-preview:large, max-video-preview:-1\" \/>\n<link rel=\"canonical\" href=\"https:\/\/cisph.uniroma3.it\/?page_id=18\" \/>\n<meta property=\"og:locale\" content=\"it_IT\" \/>\n<meta property=\"og:type\" content=\"article\" \/>\n<meta property=\"og:title\" content=\"Organigramma - CISPH | Centro Interuniversitario per la Ricerca e lo Sviluppo della Public History\" \/>\n<meta property=\"og:description\" content=\"DIRETTORE: Paolo Carusi (Universit\u00e0 degli Studi Roma Tre) PRESIDENTE: Sabina Pavone (Universit\u00e0 di Napoli L\u2019Orientale) COMITATO DIRETTIVO: Lorenzo Bertucelli (Universit\u00e0 di Modena e Reggio Emilia), Raffaella Biscioni (Universit\u00e0 di Bologna), Paolo Carusi (Universit\u00e0 degli Studi Roma Tre), Thomas Cauvin (University of Luxembourg), Cinzia Cremonini (Universit\u00e0 Cattolica del Sacro Cuore), Stefano Dall\u2019Aglio (Universit\u00e0 Ca&#8217; Foscari di [&hellip;]\" \/>\n<meta property=\"og:url\" content=\"https:\/\/cisph.uniroma3.it\/?page_id=18\" \/>\n<meta property=\"og:site_name\" content=\"CISPH | Centro Interuniversitario per la Ricerca e lo Sviluppo della Public History\" \/>\n<meta property=\"article:modified_time\" content=\"2026-03-16T13:37:35+00:00\" \/>\n<meta name=\"twitter:card\" content=\"summary_large_image\" \/>\n<meta name=\"twitter:label1\" content=\"Tempo di lettura stimato\" \/>\n\t<meta name=\"twitter:data1\" content=\"1 minuto\" \/>\n<script type=\"application\/ld+json\" class=\"yoast-schema-graph\">{\"@context\":\"https:\\\/\\\/schema.org\",\"@graph\":[{\"@type\":\"WebPage\",\"@id\":\"https:\\\/\\\/cisph.uniroma3.it\\\/?page_id=18\",\"url\":\"https:\\\/\\\/cisph.uniroma3.it\\\/?page_id=18\",\"name\":\"Organigramma - CISPH | Centro Interuniversitario per la Ricerca e lo Sviluppo della Public History\",\"isPartOf\":{\"@id\":\"https:\\\/\\\/cisph.uniroma3.it\\\/#website\"},\"datePublished\":\"2025-04-08T19:37:58+00:00\",\"dateModified\":\"2026-03-16T13:37:35+00:00\",\"breadcrumb\":{\"@id\":\"https:\\\/\\\/cisph.uniroma3.it\\\/?page_id=18#breadcrumb\"},\"inLanguage\":\"it-IT\",\"potentialAction\":[{\"@type\":\"ReadAction\",\"target\":[\"https:\\\/\\\/cisph.uniroma3.it\\\/?page_id=18\"]}]},{\"@type\":\"BreadcrumbList\",\"@id\":\"https:\\\/\\\/cisph.uniroma3.it\\\/?page_id=18#breadcrumb\",\"itemListElement\":[{\"@type\":\"ListItem\",\"position\":1,\"name\":\"Home\",\"item\":\"https:\\\/\\\/cisph.uniroma3.it\\\/\"},{\"@type\":\"ListItem\",\"position\":2,\"name\":\"Organigramma\"}]},{\"@type\":\"WebSite\",\"@id\":\"https:\\\/\\\/cisph.uniroma3.it\\\/#website\",\"url\":\"https:\\\/\\\/cisph.uniroma3.it\\\/\",\"name\":\"CISPH - Centro Interuniversitario per la Ricerca e lo Sviluppo della Public History\",\"description\":\"\",\"publisher\":{\"@id\":\"https:\\\/\\\/cisph.uniroma3.it\\\/#organization\"},\"potentialAction\":[{\"@type\":\"SearchAction\",\"target\":{\"@type\":\"EntryPoint\",\"urlTemplate\":\"https:\\\/\\\/cisph.uniroma3.it\\\/?s={search_term_string}\"},\"query-input\":{\"@type\":\"PropertyValueSpecification\",\"valueRequired\":true,\"valueName\":\"search_term_string\"}}],\"inLanguage\":\"it-IT\"},{\"@type\":\"Organization\",\"@id\":\"https:\\\/\\\/cisph.uniroma3.it\\\/#organization\",\"name\":\"CISPH - Centro Interuniversitario per la Ricerca e lo Sviluppo della Public History\",\"url\":\"https:\\\/\\\/cisph.uniroma3.it\\\/\",\"logo\":{\"@type\":\"ImageObject\",\"inLanguage\":\"it-IT\",\"@id\":\"https:\\\/\\\/cisph.uniroma3.it\\\/#\\\/schema\\\/logo\\\/image\\\/\",\"url\":\"https:\\\/\\\/cisph.uniroma3.it\\\/wp-content\\\/uploads\\\/2025\\\/04\\\/logocisph-t.png\",\"contentUrl\":\"https:\\\/\\\/cisph.uniroma3.it\\\/wp-content\\\/uploads\\\/2025\\\/04\\\/logocisph-t.png\",\"width\":2100,\"height\":1217,\"caption\":\"CISPH - Centro Interuniversitario per la Ricerca e lo Sviluppo della Public History\"},\"image\":{\"@id\":\"https:\\\/\\\/cisph.uniroma3.it\\\/#\\\/schema\\\/logo\\\/image\\\/\"}}]}<\/script>\n<!-- \/ Yoast SEO plugin. -->","yoast_head_json":{"title":"Organigramma - CISPH | Centro Interuniversitario per la Ricerca e lo Sviluppo della Public History","robots":{"index":"index","follow":"follow","max-snippet":"max-snippet:-1","max-image-preview":"max-image-preview:large","max-video-preview":"max-video-preview:-1"},"canonical":"https:\/\/cisph.uniroma3.it\/?page_id=18","og_locale":"it_IT","og_type":"article","og_title":"Organigramma - CISPH | Centro Interuniversitario per la Ricerca e lo Sviluppo della Public History","og_description":"DIRETTORE: Paolo Carusi (Universit\u00e0 degli Studi Roma Tre) PRESIDENTE: Sabina Pavone (Universit\u00e0 di Napoli L\u2019Orientale) COMITATO DIRETTIVO: Lorenzo Bertucelli (Universit\u00e0 di Modena e Reggio Emilia), Raffaella Biscioni (Universit\u00e0 di Bologna), Paolo Carusi (Universit\u00e0 degli Studi Roma Tre), Thomas Cauvin (University of Luxembourg), Cinzia Cremonini (Universit\u00e0 Cattolica del Sacro Cuore), Stefano Dall\u2019Aglio (Universit\u00e0 Ca&#8217; Foscari di [&hellip;]","og_url":"https:\/\/cisph.uniroma3.it\/?page_id=18","og_site_name":"CISPH | Centro Interuniversitario per la Ricerca e lo Sviluppo della Public History","article_modified_time":"2026-03-16T13:37:35+00:00","twitter_card":"summary_large_image","twitter_misc":{"Tempo di lettura stimato":"1 minuto"},"schema":{"@context":"https:\/\/schema.org","@graph":[{"@type":"WebPage","@id":"https:\/\/cisph.uniroma3.it\/?page_id=18","url":"https:\/\/cisph.uniroma3.it\/?page_id=18","name":"Organigramma - CISPH | Centro Interuniversitario per la Ricerca e lo Sviluppo della Public History","isPartOf":{"@id":"https:\/\/cisph.uniroma3.it\/#website"},"datePublished":"2025-04-08T19:37:58+00:00","dateModified":"2026-03-16T13:37:35+00:00","breadcrumb":{"@id":"https:\/\/cisph.uniroma3.it\/?page_id=18#breadcrumb"},"inLanguage":"it-IT","potentialAction":[{"@type":"ReadAction","target":["https:\/\/cisph.uniroma3.it\/?page_id=18"]}]},{"@type":"BreadcrumbList","@id":"https:\/\/cisph.uniroma3.it\/?page_id=18#breadcrumb","itemListElement":[{"@type":"ListItem","position":1,"name":"Home","item":"https:\/\/cisph.uniroma3.it\/"},{"@type":"ListItem","position":2,"name":"Organigramma"}]},{"@type":"WebSite","@id":"https:\/\/cisph.uniroma3.it\/#website","url":"https:\/\/cisph.uniroma3.it\/","name":"CISPH - Centro Interuniversitario per la Ricerca e lo Sviluppo della Public History","description":"","publisher":{"@id":"https:\/\/cisph.uniroma3.it\/#organization"},"potentialAction":[{"@type":"SearchAction","target":{"@type":"EntryPoint","urlTemplate":"https:\/\/cisph.uniroma3.it\/?s={search_term_string}"},"query-input":{"@type":"PropertyValueSpecification","valueRequired":true,"valueName":"search_term_string"}}],"inLanguage":"it-IT"},{"@type":"Organization","@id":"https:\/\/cisph.uniroma3.it\/#organization","name":"CISPH - Centro Interuniversitario per la Ricerca e lo Sviluppo della Public History","url":"https:\/\/cisph.uniroma3.it\/","logo":{"@type":"ImageObject","inLanguage":"it-IT","@id":"https:\/\/cisph.uniroma3.it\/#\/schema\/logo\/image\/","url":"https:\/\/cisph.uniroma3.it\/wp-content\/uploads\/2025\/04\/logocisph-t.png","contentUrl":"https:\/\/cisph.uniroma3.it\/wp-content\/uploads\/2025\/04\/logocisph-t.png","width":2100,"height":1217,"caption":"CISPH - Centro Interuniversitario per la Ricerca e lo Sviluppo della Public History"},"image":{"@id":"https:\/\/cisph.uniroma3.it\/#\/schema\/logo\/image\/"}}]}},"_links":{"self":[{"href":"https:\/\/cisph.uniroma3.it\/index.php?rest_route=\/wp\/v2\/pages\/18","targetHints":{"allow":["GET"]}}],"collection":[{"href":"https:\/\/cisph.uniroma3.it\/index.php?rest_route=\/wp\/v2\/pages"}],"about":[{"href":"https:\/\/cisph.uniroma3.it\/index.php?rest_route=\/wp\/v2\/types\/page"}],"author":[{"embeddable":true,"href":"https:\/\/cisph.uniroma3.it\/index.php?rest_route=\/wp\/v2\/users\/1"}],"replies":[{"embeddable":true,"href":"https:\/\/cisph.uniroma3.it\/index.php?rest_route=%2Fwp%2Fv2%2Fcomments&post=18"}],"version-history":[{"count":15,"href":"https:\/\/cisph.uniroma3.it\/index.php?rest_route=\/wp\/v2\/pages\/18\/revisions"}],"predecessor-version":[{"id":198,"href":"https:\/\/cisph.uniroma3.it\/index.php?rest_route=\/wp\/v2\/pages\/18\/revisions\/198"}],"wp:attachment":[{"href":"https:\/\/cisph.uniroma3.it\/index.php?rest_route=%2Fwp%2Fv2%2Fmedia&parent=18"}],"curies":[{"name":"wp","href":"https:\/\/api.w.org\/{rel}","templated":true}]}}